it of t?
2
Let f = 6 - 1. Suppose 0 = 13*q + f*q - 2520. What is the hundreds digit of q?
1
Let f = 144 + -140. Suppose 0 = l - 8*y + 10*y - 1062, -5*y + 4245 = f*l. What is the tens digit of l?
6
What is the thousands digit of 121084/20 - -3 - (-12)/15?
6
Let z = -514 + 2428. What is the hundreds digit of z?
9
Suppose 3*b - 3*n - 2 - 43 = 0, 2*n - 66 = -4*b. Let w be (b/10)/(34/85). What is the tens digit of ((-2)/w)/(4/(-720))?
9
Let w(i) = -2*i**2 + 9*i + 3. Let m be w(-7). Let h be m*(2 + -1 - 2). Suppose 150 + h = 7*l. What is the units digit of l?
4
Let g = 5572 + 1126. What is the tens digit of (-14)/4*g/(-119)?
9
Let g(r) = 15*r - 177. Let v be g(11). Let q(c) = -49*c - 12. What is the units digit of q(v)?
6
What is the tens digit of 13298 + (15/2 - 1/(-2))?
0
Suppose 3*q - 146335 = i, -88*q + 5*i = -83*q - 243865. What is the hundreds digit of q?
7
Let j = 1087 - 1779. Let h = 15 - 8. What is the tens digit of 2/h + j/(-28)?
2
Let f = -29917 - -42873. What is the hundreds digit of f?
9
Suppose x + 30757 - 8421 = 3*x. What is the thousands digit of x?
1
Let v = 34539 + -23233. What is the tens digit of v?
0
Suppose -3*t + 13778 = 4*b - 5799, -5*b + 24469 = 3*t. What is the units digit of b?
2
Let v(l) be the first derivative of -5*l**2/2 - 47*l + 138. Let o be (-15 - 0) + 9/(-9). What is the units digit of v(o)?
3
Let p(j) = 30*j**2 + 9*j + 69. What is the units digit of p(9)?
0
Suppose -33 = 2*i - 49. Suppose -4*q = -i*q + 3740. What is the tens digit of q?
3
Let c be 21/(-147) - 2402/(-7). Suppose -2*h - 88 = -4*u + 356, c = 3*u + h. What is the hundreds digit of u?
1
Suppose 2*k + 0*k - 5*h = 79, -5*k + 4*h = -155. Let d = -25 + k. Suppose d*m - 329 = -69. What is the units digit of m?
0
Let j(f) = 2116*f - 1900. What is the hundreds digit of j(3)?
4
Suppose 37*q - 147 = 112. Suppose -q*v = -3*v - 3496. What is the hundreds digit of v?
8
Let s = 0 - -7. Suppose 132 + 922 + 168 = 26*k. Suppose -s*u + k = -6*u. What is the tens digit of u?
4
Suppose o + f - 1 = 0, -2*o + 10 = -3*f + 8. Let b(v) = 1082*v + 30. What is the units digit of b(o)?
2
Let k = 1063 - -16322. What is the ten thousands digit of k?
1
Let n = -27 + 49. Suppose n*f = 24*f - 58. Suppose 36*d - 840 = f*d. What is the units digit of d?
0
Let r be 9 - (3 + -6) - 2. Let i(w) = -5*w + 1. Let l(g) = g - 1. Let a(x) = i(x) + 6*l(x). What is the units digit of a(r)?
5
Suppose -5*d = -v + 38, -4*d + 3*d - 2 = 0. Let m(y) = -y**3 + 29*y**2 - 2*y - 2. What is the hundreds digit of m(v)?
7
Suppose 2*n + 4*g + 6180 = 0, -4*n - 6131 = 2*g + 6253. Let i be (-26)/169 + 6222/221. What is the hundreds digit of (-8)/i + n/(-14)?
2
Let g(x) = 210*x**3 - x**2 - 3*x + 16. What is the units digit of g(3)?
8
What is the hundreds digit of (-9)/(-24) - (1941774/40)/((-258)/215)?
4
Let d(r) = 123*r + 3270. What is the hundreds digit of d(40)?
1
Let m = 504 - 503. What is the units digit of (m - 57)/8 - -1283?
6
Let d(a) = -5*a + 4. Let p(b) = -b**3 + 9*b**2 - 13*b - 7. Let r be p(7). Let g be d(r). What is the units digit of (354/g)/((-42)/(-112))?
6
Suppose -u + 3*z + 85 = 0, -z = 2*u + 3*u - 345. Let k be 2 - (0 - 1) - (-48)/16. Suppose n + u = k*n. What is the units digit of n?
4
Let r be (-3)/(-6) - (-36)/8. Suppose -5*g - 855 = -r*x, -2*g - 146 = 5*x - 980. What is the units digit of x?
8
Let x be (-3)/18 - 28/(-24). Let k(h) = 355*h**2 + 5*h - 4. What is the units digit of k(x)?
6
Let z(h) = 120*h**2 + 97*h - 231. What is the thousands digit of z(23)?
5
Suppose 2*d + 13999 + 7328 = 3*y, 35545 = 5*y - 2*d. What is the thousands digit of y?
7
Let r(s) be the third derivative of 19*s**4/6 + s**3 - 77*s**2. What is the units digit of r(10)?
6
Suppose 2*q = 2*d + 24, 2*q - 2*d - 24 = -d. Suppose 8*w + 3328 = q*w. What is the units digit of w?
2
Let t(b) = -1666*b + 205. What is the units digit of t(-6)?
1
What is the ten thousands digit of ((0 - 1) + -270)/(586/(-29300))?
1
What is the hundreds digit of 474/(-3)*690/(-20) + (-14)/(-2)?
4
Let i(f) = 0*f - 2 - 11 + 24*f. Suppose 77 = -x + 83. What is the tens digit of i(x)?
3
Let q be -185 + 1 - (-3 + 0). Let g = q + 380. What is the units digit of g?
9
Let n(s) = 695*s**2 - 148*s - 557. What is the thousands digit of n(-4)?
1
Let y(m) = 6*m**2 - 214*m - 103. What is the tens digit of y(37)?
9
Suppose 0 = -4*y + y + 4*f + 2252, 5*f = -4*y + 2951. Suppose -y - 296 = -4*i. What is the units digit of i?
0
Suppose -37*n = -93 - 203. What is the units digit of 55116/48 + (-2)/n?
8
Let c be (-72)/32 - (-5)/20. What is the tens digit of ((-6300)/(-294))/(c/(-14))?
5
Suppose -5*w = -w - 7616. Suppose 0 = -41*u + 48*u - w. What is the hundreds digit of u?
2
Let a(u) = -2*u**3 + 7*u**2 + 2*u + 3. Let f be a(4). Let t(x) = 17*x**2 + x - 2. What is the hundreds digit of t(f)?
4
Suppose -w - 3996 - 1344 = -2*f, -2*f + 4*w = -5352. What is the units digit of f?
8
Suppose 2*q - 622 = 2036. Suppose -q = 17*i - 5137. What is the units digit of i?
4
Let d be 1084/2*(-3 - -4). Suppose -5*v + d + 503 = 5*t, 3 = 3*v. Suppose -5*s = -2*b - 395, -50 + t = 2*s - b. What is the units digit of s?
9
Let w be 7/(-42) + 123/(-18) + -2. Let o(m) = -87*m + 14. What is the tens digit of o(w)?
9
Let n(y) be the first derivative of 433*y**2/2 - 60*y - 275. What is the tens digit of n(3)?
3
Let l be 93/4 - 5/4. Suppose -l*u = -23*u. Suppose -6*f + 170 + 64 = u. What is the tens digit of f?
3
Let s be 33 - 37 - 5/((-10)/4136). Suppose -115*u = -109*u - s. What is the tens digit of u?
4
Let o(p) = -p**3 - 24*p**2 + 53*p + 23. Let b be o(-26). What is the thousands digit of (75 + 1)*b/((-84)/385)?
1
Let i = -7477 - -10591. What is the thousands digit of i?
3
Let a(w) = 6*w - 12 - 3*w - 9*w + 9 + 25*w**2. Suppose 2*l + 5*v + 1 = 0, 4*l + 4 + 6 = -2*v. What is the tens digit of a(l)?
4
Suppose 4*b = -u + 9298, -207*b + 203*b + 46490 = 5*u. What is the hundreds digit of u?
2
Let z = -63 - -64. What is the units digit of -2 + -4 + 5 + z + 145?
5
Suppose -5472 = -4*h - 3*k, 0 = -5*h + h + 2*k + 5452. What is the thousands digit of h?
1
Let v(f) = f. Let r be v(-7). Let x(q) be the first derivative of q**3/3 + q**2 - 3*q - 9. What is the tens digit of x(r)?
3
What is the ten thousands digit of (-24)/(-228) + ((-4)/10 - 6762581/(-665))?
1
What is the tens digit of (-7)/21 + (-323734)/(-12) + (-19)/38?
7
Let y(g) = 5*g**2 - 7*g - 3. Let c be y(2). Suppose -48 = -4*b + c*a + 60, 0 = 4*a + 16. What is the units digit of (-604)/16*b/(-6)?
1
Suppose 26*g + 31*g - 200476 = -51421. What is the units digit of g?
5
Let u(t) = -669*t + 170. What is the hundreds digit of u(-5)?
5
Let t(l) = 7009*l**2 + 343*l - 685. What is the thousands digit of t(2)?
8
Let k be -16 - -11 - (-7)/((-7)/10). Let a = 132 + k. What is the units digit of a?
7
Suppose 0 = -2*g - 11*k + 7*k + 2268, 2*g - 4*k = 2260. What is the units digit of g?
2
Let t = 30 - 31. Let c(k) = 656*k**2 + 7*k + 6. What is the hundreds digit of c(t)?
6
Let h be 340 + 5/((-30)/18). Suppose 4*y + 5*f = 442, 6*f - h = -3*y + 5*f. What is the hundreds digit of y?
1
Let r = 17 + -187. Let w = 189 + r. What is the units digit of w?
9
Let b(q) = -4*q**3 + 19*q**2 - 15*q - 71. What is the hundreds digit of b(-12)?
7
Let q(i) = 3*i**2 + i - 10. Let w(f) = 2*f**2 - 10. Let p(m) = 3*q(m) - 4*w(m). Suppose 5*t + 25 = -0*t. What is the tens digit of p(t)?
2
Let m be (4 - (-6)/3)*2. Suppose 7*g - m = 4*g, 4*v - 4 = 3*g. Suppose -37 + 9 = -v*f. What is the units digit of f?
7
Let h be (-1264)/(40/5) - (-1 + -2). Let o = h - -280. What is the tens digit of o?
2
Suppose 0 = 12*m + 20*m + 597792. What is the tens digit of m/(-17) + 268/2278?
9
Let l(b) = 50*b + 12. Suppose -3*r + 8*r - 30 = 0. What is the units digit of l(r)?
2
Suppose -6*d + 245 = -115. Let m = -55 + d. Suppose 0 = m*w - 9*w + 348. What is the tens digit of w?
8
What is the tens digit of (6/11 - (-7316)/3245)*1335?
3
Let w(b) = b**3 + 53*b**2 + 131*b + 1229. What is the units digit of w(-48)?
1
Let y(m) = -m - 40. Let o be y(-10). Let w be (-306)/o + 4/(-20). Suppose 0 = -w*n + 4*n + 1068. What is the tens digit of n?
7
Suppose -2*u + 7 - 69 = 0. Let z = -29 - u. Suppose 49 + 81 = z*h. What is the tens digit of h?
6
Let q = -48 + 24. Let n = q - -29. Suppose n*v = -3*f + 137, -f = 2*v - 